d - 422. List the prime factors of f.
2, 23
Let p be (-1 - -57)*(2 - 1). Suppose 3*v = 19 - 13. Suppose -k = -v*k + p. List the prime factors of k.
2, 7
Let f(k) be the third derivative of -k**7/1260 - k**6/30 + k**5/6 + 13*k**2. Let y(g) be the third derivative of f(g). List the prime factors of y(-8).
2
Suppose -5*k - 9*k = -404838. List the prime factors of k.
3, 7, 17
Suppose 11*r + 25 = 16*r. Suppose -r*c + 4*q - 20 = -0*c, -2*q + 10 = 5*c. Suppose n - 4*s = -c*s + 37, -3*n + 145 = 5*s. What are the prime factors of n?
3, 5
Let p(i) = 520*i - 128. Let v be p(9). Suppose 6*u - v = -1234. List the prime factors of u.
7, 79
Let t(q) = -4 + 19 - 11 - 4*q + 0*q. What are the prime factors of t(-12)?
2, 13
Suppose 12200 - 910 = 4*z - 2*s, 4*z = -3*s + 11285. What are the prime factors of z?
2, 17, 83
Suppose -373 = -2*h - 51. Suppose h - 609 = -2*t. What are the prime factors of t?
2, 7
Let r = 14 - 6. Let s be r*(-7)/(140/(-15)). What are the prime factors of (313/15 + 6/(-30))*s?
2, 31
Let k = 69 - 84. Let o(l) = -4*l**3 + 48*l**2 + 29*l + 75. Let u(b) = -b**3 + 16*b**2 + 10*b + 25. Let n(z) = -2*o(z) + 7*u(z). List the prime factors of n(k).
2, 5, 7
Let p(f) = 5705*f**2 + f + 6. What are the prime factors of p(-1)?
2, 5, 571
Suppose 48 = -3*k + 4*z + 133, -2*k = 5*z - 26. Let r(u) = 3*u**3 + 1 + 3*u**3 - 19 - 21*u - 5*u**3 - 22*u**2. What are the prime factors of r(k)?
2, 7
Let n(d) = d**2 - 3*d - 76. Let w = -134 + 157. What are the prime factors of n(w)?
2, 3
Let s(v) = 8*v - 3. Let j be s(1). Suppose 5*z - 836 = 4*i, 0*z = -4*z + 3*i + 669. Suppose z = -j*n + 8*n. List the prime factors of n.
2, 7
Let z(g) = -7*g - 5. Let x be (-5)/(-75)*6*-15. Let l(b) = 4*b + 17. Let o be l(x). What are the prime factors of z(o)?
2, 11
Let r(a) = -127*a + 1287. List the prime factors of r(-40).
6367
Suppose 8*p = -2*p + p. Suppose -50 = -a + 4*r, p*a = a + 3*r - 64. What are the prime factors of a?
2, 29
Suppose -5*h + 760 = 4*i - 12404, -4 = -4*i. Suppose 9*b - h + 643 = 0. List the prime factors of b.
13, 17
List the prime factors of (-4)/((-12)/(-62991))*(-32)/24.
2, 3, 2333
Suppose s - j - 411 - 26911 = 0, 5*s = -2*j + 136575. List the prime factors of s.
59, 463
Let m = -82 - -84. Suppose -2244 = -2*f - 5*o, m*o = 5*o - 12. List the prime factors of f.
2, 139
Let k be 8/(-12) - (-80)/(-15). Let q(s) = -s**2 - s + 10. Let g be q(k). Let v = g - -29. List the prime factors of v.
3
Let n be (-3)/4 + (38/8 - -4). Suppose -b = -n*b + 70. Let y = 30 + b. List the prime factors of y.
2, 5
Let n(q) = -q**3 + 14*q**2 - 15*q + 32. Let t be n(13). Suppose 9*g + l = t*g + 1, 5*g + 4*l + 3 = 0. What are the prime factors of (-4)/(-1) - (-224 - g)?
229
Let c(t) = t**2 - 17*t + 11. Let d be c(18). Suppose -4*u = -d - 495. Suppose 3*z = 4*z - u. List the prime factors of z.
131
Suppose 7*k = -11 - 934. What are the prime factors of (k/(-25) + -3)*(-560)/(-6)?
2, 7
What are the prime factors of 51397/3 + (-201)/603?
2, 4283
Let v = 23396 - 13693. What are the prime factors of v?
31, 313
Suppose -4*a = 237 + 143. Let x = 135 + a. Let v = 23 + x. List the prime factors of v.
3, 7
Suppose -131*t + 5*z + 131973 = -128*t, 0 = t + 4*z - 43991. What are the prime factors of t?
43991
Let j(a) = 1478*a - 363. What are the prime factors of j(8)?
73, 157
Let w(j) = 2*j**2 + 47*j + 26. Let k be w(-23). Suppose k*p = 1525 - 166. What are the prime factors of p?
3, 151
Let u(w) be the second derivative of -w**4/6 + 32*w**3/3 - 5*w**2/2 - 30*w - 1. List the prime factors of u(21).
457
Let b(v) = -100*v**2 + 17*v + 1. Let i(c) = 49*c**2 - 9*c - 1. Let s(w) = -4*b(w) - 7*i(w). List the prime factors of s(1).
5, 11
Let k be (-3 - (-21)/6)/(1/454). Suppose 0 = 5*r + 77 - k. What are the prime factors of r?
2, 3, 5
Suppose -b = 5*u - 20728, -35*u - 16577 = -39*u + b. List the prime factors of u.
5, 829
Let i be (1 - -1 - -5) + -5. Suppose -2*d = -3*k + 768, i*k - 270 = k - 4*d. List the prime factors of k.
2, 3, 43
Suppose 3*v - 399 = -159. Let w(z) = 8*z - 3. Let m be w(2). Suppose -11*q + m*q - v = 0. List the prime factors of q.
2, 5
Let v = -17194 + 23112. What are the prime factors of v?
2, 11, 269
Let d(q) = 4*q**2 + 4*q + 1. Let o(k) = -k**2 + 11*k + 9. Let y be o(11). Suppose 2*l = -1 - y. List the prime factors of d(l).
3
Let f = -922 + 239. Let p = 967 + f. What are the prime factors of p?
2, 71
Suppose 0 = -3*r + 5300 + 19093. Suppose -r = -31*g - 16*g. List the prime factors of g.
173
Suppose 527108 + 54691 = 30*f - 306831. What are the prime factors of f?
19, 1559
Let p be 2/((-8)/(-2))*16. Suppose -12 + p = -2*m. Suppose m*o = o + 199. What are the prime factors of o?
199
Let m(g) = -59*g - 72. Let w(v) = -171*v - 216. Let j(u) = -17*m(u) + 6*w(u). List the prime factors of j(-24).
2, 3, 5
Suppose 5*f + 2*d + 2*d + 84 = 0, 0 = -5*f - d - 81. Let r be f/28 + 2839/7. Suppose 0 = -5*h + 5*q + r, q + 401 = 2*h + 3*h. What are the prime factors of h?
2, 5
Let b = -53 - -83. Suppose b = -4*i + 114. What are the prime factors of 12/21*i/6 + 275?
277
Suppose -17632 = -k - 3*y, 2*k + 25*y - 35198 = 30*y. List the prime factors of k.
2, 8807
Suppose 4*v = -4*c + 40 + 80, -c + 10 = -4*v. Let y = -26 + c. Suppose 2*z + 2*h + 2*h - 182 = y, 4*h = 3*z - 243. List the prime factors of z.
5, 17
Let u be 10/(-6)*6/(-5). Suppose 0*w - 498 = 3*g + 2*w, 0 = -u*g - 3*w - 337. Let y = g - -354. List the prime factors of y.
2, 5, 19
Let b(h) = -7*h + 55. Let o be b(7). Let c(q) = q**3 - 2*q**2 - 5*q - 1. List the prime factors of c(o).
113
Let w be (-6 - (3 - 10)) + -1 + -1. Let o be w - 0 - 0/3. List the prime factors of -1 - (-1 + o)*17.
3, 11
Let u(x) = -x**3 - 6*x**2 + 15*x - 8. Let a be u(-8). Suppose 0 = 3*w - 2*o - 908, 2*o + 1210 = 4*w - a*o. What are the prime factors of w?
2, 151
Let q = -79 + 90. Suppose 60 = q*x + x. Suppose 3*p - 649 = -4*m, 0 = -x*m - p + 43 + 771. What are the prime factors of m?
163
Let n(c) = 4*c**3 - 93*c**2 - 52*c + 10. List the prime factors of n(28).
2, 5, 269
Let m = -65 + -20. Let k = 44 - m. Suppose 2*x = 5 + k. What are the prime factors of x?
67
Suppose -130*h = -125*h + p - 51636, 3*h - 3*p = 30978. List the prime factors of h.
23, 449
Let t be 345/(-14)*-2 - 6/21. Let d = 354 - t. List the prime factors of d.
5, 61
Suppose -5*u = -2529 + 664. Suppose n = 135 + u. What are the prime factors of n?
2, 127
What are the prime factors of (-144)/42 + 3 - 689982/(-84)*6?
2, 3, 37
Let w(l) = 306*l + 14. Let p(a) = -12*a - 308. Let v be p(-26). List the prime factors of w(v).
2, 619
List the prime factors of 7*44447/91 - (-7 + 2).
2, 107
Suppose -3 + 7 = 4*x. Let u be 0/24*x*-1. Suppose -4*g - 5*f + 150 = -94, u = 3*g + 4*f - 183. List the prime factors of g.
61
Let d be ((-6)/(-45))/((-3)/108)*-5. Suppose -5*x + 3*a - 1235 = 0, -4*x - d = 4*a + 932. Let i = -146 - x. List the prime factors of i.
2, 7
Suppose 0 = -6*p + 105 + 87. Let k = -19 + 11. What are the prime factors of 1976/p - 2/k?
2, 31
Let k(j) be the third derivative of 5*j**4/24 + 7*j**3/2 - 24*j**2. Let c(u) = u**2 + 6*u + 16. Let f be c(-5). List the prime factors of k(f).
2, 19
Suppose 3*w - 5*x = 131, 3*x - 16 - 65 = -2*w. Let h(b) = b**2 - 18*b + 26. Let z be h(16). Let o = w + z. What are the prime factors of o?
2, 3
Let w be 5*-1*(-1315)/(-5). Let i = 2071 + w. What are the prime factors of i?
2, 3, 7
Suppose 5*f - j = 280 + 1342, -4*j - 656 = -2*f. Suppose q - f = -y - 24, 0 = -2*q - 10. What are the prime factors of y?
5, 61
Let g(x) = 5*x - 13. Suppose 7 = -3*m + 4. Let f be (-14)/((4/m)/4). List the prime factors of g(f).
3, 19
Suppose 4*r - 5*j = 146988, -5*r + 16577 = 5*j - 167113. What are the prime factors of r?
2, 18371
Let q(b) = 37*b + 225. Let g be q(-6). Suppose -2*f + 920 = -8*m + g*m, f = -m + 474. What are the prime factors of f?
2, 5, 47
Let h(f) = f + 18. Let b be h(-12). What are the prime factors of -4*b/(-4)*43?
2, 3, 43
Let a = 104461 - 57253. What are the prime factors of a?
2, 3, 7, 281
Let i be (-1375)/2 - 1/2. Let d = i + 1213. Suppose 0 = 7*o - 2*o - d. List the prime factors of o.
3, 5, 7
Suppose 4*x = 3*k - 11586, -3*k + 315*x = 314*x - 11577. List the prime factors of k.
2, 3, 643
Suppose 4*q + 2272 = -5*w, -4*w + w + 5*q = 1341. Let m = w - -754. What ar